-512 (base 6) to base 2
-10111100
Convert 2 (base 4) to base 2.
10
-24 (base 10) to base 12
-20
What is d (base 15) in base 16?
d
-14 (base 11) to base 14
-11
Convert -1000 (base 3) to base 8.
-33
Convert 143 (base 8) to base 15.
69
What is 1001 (base 2) in base 10?
9
What is 1 (base 11) in base 12?
1
Convert -8 (base 9) to base 6.
-12
-4b (base 15) to base 2
-1000111
What is 4 (base 6) in base 12?
4
What is -c (base 13) in base 9?
-13
What is 6a (base 15) in base 5?
400
5a (base 12) to base 6
154
Convert -22 (base 4) to base 2.
-1010
Convert 48 (base 16) to base 15.
4c
Convert 11 (base 2) to base 16.
3
11 (base 9) to base 5
20
-12 (base 3) to base 11
-5
5 (base 10) to base 6
5
1 (base 15) to base 4
1
What is -111111 (base 2) in base 6?
-143
-1 (base 9) to base 7
-1
Convert -2 (base 15) to base 6.
-2
What is -35 (base 7) in base 10?
-26
-100 (base 15) to base 14
-121
What is 0 (base 5) in base 14?
0
What is -11 (base 5) in base 13?
-6
Convert -240 (base 8) to base 2.
-10100000
What is -10 (base 10) in base 14?
-a
62 (base 8) to base 10
50
2 (base 13) to base 4
2
-5 (base 16) to base 3
-12
-204 (base 5) to base 12
-46
-8 (base 11) to base 4
-20
-353 (base 8) to base 5
-1420
What is -30 (base 4) in base 13?
-c
-3a (base 12) to base 11
-42
Convert 2 (base 4) to base 3.
2
What is -5 (base 9) in base 15?
-5
1000 (base 2) to base 15
8
What is -11 (base 4) in base 13?
-5
-1101 (base 2) to base 12
-11
e (base 16) to base 3
112
Convert -440 (base 6) to base 16.
-a8
Convert -1 (base 10) to base 9.
-1
Convert -8 (base 15) to base 13.
-8
Convert -205 (base 8) to base 14.
-97
What is -50 (base 15) in base 11?
-69
What is -76 (base 11) in base 2?
-1010011
What is 2122 (base 3) in base 14?
51
-1 (base 5) to base 14
-1
-3 (base 12) to base 9
-3
Convert 1 (base 12) to base 3.
1
Convert -100100 (base 2) to base 16.
-24
242 (base 6) to base 10
98
Convert -38 (base 16) to base 7.
-110
1100101 (base 2) to base 8
145
What is -100111110 (base 2) in base 5?
-2233
Convert f (base 16) to base 14.
11
Convert 47 (base 11) to base 5.
201
What is -65 (base 9) in base 7?
-113
What is -116 (base 9) in base 4?
-1200
What is 31 (base 10) in base 7?
43
What is -9 (base 13) in base 5?
-14
Convert -d (base 14) to base 4.
-31
What is -110 (base 14) in base 6?
-550
Convert 4 (base 8) to base 2.
100
Convert -148 (base 13) to base 8.
-345
9 (base 10) to base 12
9
3 (base 10) to base 11
3
-1010 (base 4) to base 11
-62
What is -1000000 (base 2) in base 3?
-2101
18 (base 12) to base 9
22
3 (base 15) to base 4
3
What is a7 (base 11) in base 14?
85
8 (base 12) to base 8
10
What is 6 (base 11) in base 9?
6
What is -23 (base 11) in base 15?
-1a
Convert -135 (base 6) to base 5.
-214
-160 (base 7) to base 8
-133
Convert -2a (base 12) to base 11.
-31
What is 178 (base 10) in base 6?
454
Convert -3 (base 10) to base 15.
-3
1001 (base 3) to base 4
130
What is 9 (base 14) in base 2?
1001
-1 (base 15) to base 4
-1
-10000110 (base 2) to base 7
-251
Convert 1 (base 14) to base 11.
1
What is 16 (base 13) in base 7?
25
-1111 (base 2) to base 5
-30
What is -11 (base 5) in base 4?
-12
What is 3 (base 14) in base 10?
3
43 (base 6) to base 12
23
Convert -48 (base 9) to base 11.
-40
1110 (base 2) to base 15
e
Convert 4 (base 15) to base 7.
4
What is 23 (base 16) in base 15?
25
15 (base 9) to base 6
22
Convert -2222 (base 3) to base 2.
-1010000
Convert -320 (base 4) to base 2.
-111000
Convert -3 (base 10) to base 13.
-3
-11 (base 9) to base 4
-22
What is 20 (base 3) in base 8?
6
What is 1 (base 13) in base 16?
1
What is 2a (base 11) in base 15?
22
103 (base 5) to base 6
44
Convert -3102 (base 4) to base 14.
-110
Convert -7 (base 9) to base 6.
-11
Convert -114 (base 8) to base 3.
-2211
-1 (base 7) to base 12
-1
-3 (base 16) to base 10
-3
Convert 40 (base 9) to base 5.
121
-245 (base 7) to base 16
-83
Convert -1 (base 5) to base 11.
-1
Convert -1 (base 4) to base 2.
-1
1110 (base 2) to base 13
11
Convert 201 (base 4) to base 11.
30
Convert 2 (base 4) to base 3.
2
What is 0 (base 5) in base 10?
0
What is 215 (base 7) in base 14?
7c
What is -11111 (base 2) in base 4?
-133
What is 22 (base 10) in base 11?
20
What is 64 (base 7) in base 14?
34
10 (base 10) to base 8
12
What is -5a (base 16) in base 13?
-6c
1b (base 12) to base 5
43
Convert 1131 (base 4) to base 13.
72
Convert 10 (base 6) to base 10.
6
What is -3 (base 9) in base 6?
-3
What is 1 (base 2) in base 8?
1
Convert -2 (base 13) to base 12.
-2
What is 1 (base 13) in base 16?
1
-6 (base 12) to base 13
-6
What is 46 (base 12) in base 10?
54
Convert -63 (base 7) to base 10.
-45
What is 131 (base 16) in base 11?
258
Convert 13 (base 8) to base 16.
b
0 (base 13) to base 16
0
Convert 4 (base 16) to base 9.
4
50 (base 12) to base 7
114
Convert -11100010 (base 2) to base 13.
-145
d (base 14) to base 3
111
Convert -29 (base 16) to base 14.
-2d
What is -1d (base 15) in base 16?
-1c
123 (base 5) to base 6
102
Convert -8 (base 9) to base 12.
-8
Convert -8 (base 10) to base 2.
-1000
Convert 1 (base 9) to base 10.
1
What is -42 (base 5) in base 16?
-16
-4 (base 12) to base 7
-4
Convert 1 (base 11) to base 9.
1
Convert -10a (base 11) to base 5.
-1011
What is -8 (base 16) in base 10?
-8
3 (base 16) to base 12
3
What is -10100 (base 2) in base 4?
-110
Convert 0 (base 3) to base 2.
0
What is -3 (base 14) in base 2?
-11
Convert 8 (base 12) to base 14.
8
What is 2 (base 10) in base 16?
2
What is 10 (base 9) in base 3?
100
What is 1 (base 9) in base 6?
1
Convert -1 (base 16) to base 8.
-1
Convert -5 (base 8) to base 3.
-12
Convert -5 (base 6) to base 15.
-5
Convert 0 (base 9) to base 15.
0
4 (base 12) to base 13
4
-9 (base 12) to base 11
-9
0 (base 3) to base 7
0
-121 (base 3) to base 2
-10000
-6 (base 15) to base 14
-6
What is -1001 (base 2) in base 8?
-11
Convert 5 (base 6) to base 13.
5
What is 58 (base 11) in base 14?
47
Convert -42 (base 5) to base 12.
-1a
Convert -153 (base 7) to base 2.
-1010111
Convert -2011 (base 3) to base 7.
-112
Convert 1000101 (base 2) to base 15.
49
What is -111 (base 2) in base 12?
-7
What is 8 (base 13) in base 6?
12
What is -5 (base 11) in base 7?
-5
Convert -100 (base 2) to base 11.
-4
What is -57 (base 8) in base 9?
-52
Convert -d (base 16) to base 4.
-31
What is 38 (base 12) in base 7?
62
What is 2 (base 9) in base 2?
10
Convert -1200 (base 4) to base 14.
-6c
8 (base 14) to base 2
1000
What is -96 (base 10) in base 7?
-165
-60 (base 11) to base 9
-73
-b (base 12) to base 4
-23
Convert -12 (base 12) to base 5.
-24
3 (base 11) to base 2
11
Convert -43 (base 11) to base 5.
-142
-1303 (base 4) to base 16
-73
What is 4 (base 7) in base 8?
4
Convert -5 (base 8) to base 7.
-5
What is 3 (base 7) in base 3?
10
What is -1 (base 15) in base 7?
-1
What is b4 (base 14) in base 12?
112
What is 10 (base 2) in base 15?
2
What is -3d (base 16) in base 10?
-61
Convert -14 (base 8) to base 5.
-22
What is 52 (base 6) in base 5?
112
a (base 13) to base 7
13
4 (base 10) to base 7
4
4d (base 15) to base 4
1021
-205 (base 8) to base 16
-85
What is -13 (base 5) in base 6?
-12
Convert -77 (base 10) to base 5.
-302
What is 0 (base 10) in base 8?
0
-a3 (base 13) to base 14
-97
Convert 232 (base 7) to base 12.
a1
-110 (base 10) to base 7
-215
1 (base 16) to base 15
1
Convert 63 (base 10) to base 5.
223
What is -7 (base 12) in base 13?
-7
What is 10 (base 4) in base 15?
4
Convert -1a8 (base 11) to base 2.
-11101111
What is -2 (base 12) in base 6?
-2
Convert 28 (base 12) to base 11.
2a
630 (base 7) to base 8
473
-32 (base 16) to base 14
-38
What is 10 (base 10) in base 8?
12
-31 (base 4) to base 11
-12
Convert -24 (base 9) to base 10.
-22
What is c (base 13) in base 9?
13
What is 346 (base 7) in base 10?
181
-21 (base 5) to base 10
-11
-4 (base 5) to base 11
-4
Convert -68 (base 14) to base 6.
-232
-40 (base 5) to base 10
-20
Convert -110 (base 2) to base 4.
-12
Convert -a (base 11) to base 3.
-101
What is -2 (base 12) in base 4?
-2
What is 14 (base 5) in base 7?
12
What is -7 (base 14) in base 12?
-7
What is -99 (base 11) in base 16?
-6c
-4 (base 9) to base 15
-4
Convert 110 (base 3) to base 5.
22
Convert d0 (base 14) to base 8.
266
What is -2 (base 3) in base 5?
-2
Convert -5 (base 8) to base 13.
-5
-1 (base 15) to base 10
-1
17 (base 13) to base 16
14
Convert 15